= -3*u + 32. Let x(r) = -4*m(r) + 7*o(r). What is x(h)?
16
Let q(i) = i - 24. Let g be q(14). Let v(t) be the third derivative of -t**4/12 - 7*t**3/3 + t**2 - 118*t. Determine v(g).
6
Let z(v) be the first derivative of v**3/3 + 5*v**2 + 26*v - 3405. Determine z(-6).
2
Let o(q) = q**2 - 59*q - 392. Let w be o(-6). Let u(f) = 2*f**2 + 4. Determine u(w).
12
Let r(w) = w**2 + w - 1. Let x be (-12 - -13) + 5*7. Suppose x*k - 35*k = 1. Suppose 0 = -3*m - 2*a - 4, 0 = m - 5*a + 23 + k. Give r(m).
11
Let n(m) = -m + 6. Let f(h) = h**2 - 3*h + 5. Let k be f(2). Let s be (-1 - (-2)/k)/((-15)/(-315)). What is n(s)?
13
Let c(q) = -q**3 - 5*q**2 + 15*q + 12. Let g be c(-7). Let a(n) = 5351 - 2*n**2 + g*n**3 - n - n**3 - 5350. What is a(-1)?
-4
Let n(j) be the second derivative of -j**3/6 + j**2 - j. Let v be ((-1244)/23636)/(2/(-190)). Calculate n(v).
-3
Let x(i) = 82*i**2 + 5 - 6*i - 37*i**2 + 2*i - 39*i**2 + i. Give x(1).
8
Suppose -5*k = -3*q + 17, -6*q - 23 = 5*k - 3*q. Let y(i) be the third derivative of i**6/120 + i**5/20 - i**4/6 + i**3/6 - 5*i**2. What is y(k)?
1
Let o(k) = -14*k + 1. Let j(f) = -13*f + 1. Let t(p) = -5*j(p) + 6*o(p). Calculate t(1).
-18
Let b(q) = -2*q - 5. Suppose 5 = 12*k - 43. Suppose -k*s + 4*c - 16 = 0, -2*s + 2*c - 12 = 4*c. Let x be b(s). Let j(l) = -l**2 + 5*l - 3. Calculate j(x).
-3
Let y = 27 - 24. Suppose 4*v - 112 = -2*k, 4 = k + 8. Let u(t) = -21*t + v*t - 12*t + 3 + t**3 + y*t**2. What is u(-3)?
12
Let d = -145 - -151. Let s(l) be the first derivative of -l**2/2 + 7*l - 52. What is s(d)?
1
Let g = -6230 - -6242. Let l(a) be the second derivative of -1/6*a**3 - 5/2*a**2 - g*a + 0. What is l(-4)?
-1
Let c(s) = -s**3 + 5*s**2 - s - 4. Suppose 2*v + 19 - 33 = 0. Let g = v + -3. Give c(g).
8
Let o(p) = 16*p - 63. Suppose -70 + 20 = -25*q + 50. Determine o(q).
1
Let q(z) be the third derivative of 17*z**4/24 + z**2. Let s be (-2)/4*(-1 - -3)*(8 - 7). What is q(s)?
-17
Suppose -3*l - 4*j - 29 = 0, 5*j + 107 = -4*l + 72. Let t(a) = -2 + 0*a + 3*a - 1. What is t(l)?
12
Let u(g) = -8*g - 13*g + 1 + 26*g - 5*g**2 + g**3 + 0*g**2. Let o be -3 + 17 - -2 - 4. Let z(k) = k**3 - 13*k**2 + 13*k - 8. Let i be z(o). Calculate u(i).
5
Let u(k) = 614*k**3 - 3*k**2 + k + 2. Let c be u(1). Let n = -613 + c. Let v(r) = 3*r**3. What is v(n)?
3
Suppose 2*h = 6 + 6. Suppose -2*z + h = -z. Let n(a) = a - z*a + a**2 - 2*a. Calculate n(6).
-6
Suppose -23*w = -19*w - n + 13, 4*w + n + 11 = 0. Let m(q) = -q**2 - 5*q - 4. Let f be m(-3). Let p(c) = 3*c + 2*c - 4*c - f*c. Calculate p(w).
3
Let u(o) = 16*o**3 + 15*o**2 - 2*o - 36. Let v(q) = -19*q**3 - 17*q**2 + q + 37. Let y(i) = -6*u(i) - 5*v(i). Calculate y(-3).
-8
Let d(u) be the second derivative of -43*u**3/6 - 1714*u. Determine d(-1).
43
Suppose -5*p = -4*p. Suppose p = -4*z + 4*r - 12, 2*r - 12 = 4*z + 5*r. Let q(y) = 2495 - 4*y + 2*y - 2497. Give q(z).
4
Let k(x) be the first derivative of x**4/4 - 35*x**3/3 - 17*x**2 - 43*x + 7992. What is k(36)?
29
Let a be ((-4)/5)/((-342)/(-30) - 11). Let r(i) = 49*i + 82. Calculate r(a).
-16
Let c(m) be the third derivative of -m**6/120 + m**5/60 + m**4/24 + m**3/2 - 56*m**2 + 7. Calculate c(0).
3
Let t(x) be the first derivative of x**4/4 + 3*x**3 + 9*x**2/2 + 10*x - 1. Suppose 2237 = -3*z - 19*n + 15*n, 2*z + n + 1488 = 0. Let m = z + 735. What is t(m)?
2
Let q(l) = -l**3 - 5*l**2 + 7*l - 7. Suppose -5*c = -3*u + 36, 0*u - u + 14 = -2*c. Let o be c/((-48)/(-28))*-4. Let p be 1/3*(-4 - o). Calculate q(p).
-13
Let k(x) = -1 - 125*x + 162*x + 0*x + 2. What is k(1)?
38
Let b = 330 + -345. Let w be b/6*(0 - -2). Let r(t) = t**2 + 7*t + 1. What is r(w)?
-9
Let g(q) = 13 - 6*q**3 + 10*q + 20*q**2 - 3*q - 10*q - 16*q + 5*q**3. What is g(19)?
13
Let m(h) be the second derivative of -h**3/3 - 49*h**2/2 + 2*h. Let g be m(-23). Let w(y) = -22 + 5*y - 2*y + 0*y**2 + 19 + y**2. Calculate w(g).
-3
Suppose -56*a + 86*a + 85 = 47*a. Let r(k) = 0 - 4*k + 6*k**2 - k**3 + 0*k**3 + 6. Give r(a).
11
Let p(v) = 107*v**3 + v + 1. Let x be (-14 - -10) + 14 - 11. Calculate p(x).
-107
Let b(g) be the first derivative of g**3/3 + 6*g**2 + 32*g - 1620. Give b(-9).
5
Let z(o) = 359*o + 358*o - 125 - 1108*o + 372*o. Calculate z(-7).
8
Let c(h) = 13869 + 5*h**2 - 13*h - 13860 - 3*h**2. What is c(9)?
54
Let h be 10/(-2) + 6/3. Let a(q) = 58*q**3 + 40*q**2 + 150*q - 46. Let g(k) = 16*k**3 + 11*k**2 + 42*k - 13. Let j(f) = -5*a(f) + 18*g(f). Calculate j(h).
14
Let i(u) = 13*u**3 + 5*u**2 + 8*u + 6. Let h(t) = 37*t**3 + 14*t**2 + 23*t + 17. Suppose -72 = 10*v - 22*v. Let d(p) = v*h(p) - 17*i(p). Determine d(0).
0
Let w(i) = -6*i - 4. Let t(p) = -p**3 - 19*p**2 - 15*p + 48. Let m be t(-18). What is w(m)?
32
Let v(n) = -n**2 - 8*n - 6. Let a(g) = -3*g**3 - 4*g**2 - g + 7. Let j be a(4). Let w = j + 247. Determine v(w).
6
Suppose -473*j + 48 = -461*j. Let w(t) = 3*t - 3. Let g(b) = 4*b - 4. Let y(n) = -2*g(n) + 3*w(n). What is y(j)?
3
Let d be (-43)/(-9) + (-1)/((-72)/16). Let f(x) = x**2 - 3*x + 1. Determine f(d).
11
Let x(i) = -i**3 - 36*i**2 - 258*i + 23. Let d be x(-10). Let w(n) = -2*n**3 + 3*n**2 - n + 2. What is w(d)?
-28
Let u be 2/(-4) - (-19)/2. Let j(x) be the second derivative of -x**3/6 - 3*x**2/2 - 282*x. Give j(u).
-12
Let i be ((-36)/(-6) - 1) + 1. Let s(z) = -z**2 - 9 + 15 - i. Determine s(2).
-4
Let r = 14 - 9. Let h(q) be the first derivative of -q**4/24 + 5*q**3/6 + 18*q**2 - 18. Let k(n) be the second derivative of h(n). Calculate k(r).
0
Let g be ((-6)/(-15))/((-8)/(-10))*28/336. Let p(d) be the third derivative of -d**3 - 2*d**2 - g*d**4 + 0*d + 0. Calculate p(5).
-11
Let k(x) = -x**3 + 4*x**2 - 3*x + 17. Let s be k(4). Let i(q) = s - 4 - q - 4 + 6. Determine i(-6).
9
Let r(q) be the first derivative of -q**4/4 + 3*q**3 - 7*q**2/2 + 10*q - 3568. Determine r(6).
76
Let z(f) = -41*f - 7 + 0 + 5*f + 27*f + 5*f. Calculate z(-8).
25
Let r(z) = -8*z**2 - 31*z - 24. Let b(c) = -2*c**2 - 8*c - 6. Let v = 205 - 203. Let a(s) = v*r(s) - 9*b(s). Give a(-6).
18
Let f(t) = 14*t - 6. Let l(v) = 170*v - 75. Let q(m) = 25*f(m) - 2*l(m). Let r(a) = -5*a + 31. Let y be r(6). Determine q(y).
10
Let f(j) = 2*j**2 + 21*j - 2. Suppose -2*r - 10*x = 72, -8*x = -2*r - 5*x - 7. Determine f(r).
9
Let k(b) = 6*b - 20. Suppose 0 = 4*q - 28, 2*s + 306 - 281 = 5*q. What is k(s)?
10
Let r(z) = z**2 + 118*z + 981. Let t be r(-9). Let y(v) = v**2 - v - 69. Give y(t).
-69
Let u(l) = 467 - 11*l - 631 + 8*l**3 + 153. Determine u(-1).
-8
Let u(j) = j**3 - 4*j**2 - 17*j - 28. Let p be u(7). Suppose p = 4*l - 3*q + 28, 0 = 5*l - 0*q + 2*q + 35. Let t(i) = -i**3 - 5*i**2 + 14*i + 6. Give t(l).
6
Let v(x) = -4*x**3 - 4*x**2 + 2*x - 1. Suppose 42*a = 52*a - 10. Let n be v(a). Let o(c) = -c**2 - 7*c - 1. What is o(n)?
-1
Let f(o) = 3*o + 11. Let t(w) = 2*w**2 + 34*w + 134. Let x be t(-6). What is f(x)?
17
Let k(n) = -5*n**2 - 7*n**3 - 9*n**3 + 6*n + 15*n**3 + 4 + 4. Let i(x) = x + 54. Let z(g) = -54. Let p(a) = -4*i(a) - 5*z(a). Let r be p(15). What is k(r)?
8
Suppose 0 = 3*k + 2*u + 192, u = -k - 0*u - 65. Let a = k - -46. Let q be 24/a - (-6)/(-4). Let x(i) = -i**3 - 4*i**2 - i. Determine x(q).
-6
Let j(v) = -3*v - 5. Let w be 5/6*75*-2. Let k be ((-36)/10 - -2)/((-50)/w). Determine j(k).
7
Let d(t) = 3*t**3 + 8*t**2 + 7*t + 5. Let i be d(-4). Let k = -87 - i. Let j(x) be the second derivative of x**4/12 + x**3/6 - 3*x**2 - 27*x. Calculate j(k).
-6
Let o(w) = 11*w - 8. Let n be (16/6)/(12/18). Let y(h) = 5*h - 4. Let s(q) = n*o(q) - 9*y(q). Let f(t) = -t**2 - 42*t + 718. Let d be f(-55). Calculate s(d).
1
Let w(v) = 652*v - 10. Let a(m) = -1847*m + 29. Let f(n) = 6*a(n) + 17*w(n). Suppose 0 = 5*j - 22 + 2. Give f(j).
12
Let k(g) be the first derivative of g**4/4 - 2*g**3 - 6*g**2 + 22*g - 3844. Calculate k(7).
-13
Suppose -26 = 3*d - 11. Suppose -15*f + 10 = -10*f. Let a(n) = 4*n**f - 100*n - 1 + 96*n + 4 - 5*n**2. Calculate a(d).
-2
Suppose 7 - 27 = -7*w + 2*w. Let m(x) = 3*x**2 - 7*x - 15. Give m(w).
5
Let p(y) = -y**3 - 8*y**2 - 7*y - 5. Let o(b) = -3*b - 33. Let i be o(-3). Let t be (-40)/(-22) + i/(-132). Let m(n) = -2*n - 3. Let a be m(t). Determine p(a).
-5
Let z(i) = i**3 + 71*i + 150. Let k be z(-2). Let n(r) be the third derivative of -7/24*r**4 - 1/6*r**3 + 26*r**2 + 0 + k*r. What is n(1)?
-